e
Is 128477 a composite number?
False
Is 36233 prime?
False
Is 973 a prime number?
False
Is 9803 composite?
False
Is 521673 a prime number?
False
Is 149993 a composite number?
False
Is 8147 prime?
True
Is 30209 prime?
False
Is 161087 prime?
True
Is 5381 a prime number?
True
Is 9143 composite?
True
Is 12319 prime?
False
Is 1186751 a composite number?
False
Is 18371 prime?
True
Is 1265411 a composite number?
True
Is 3646 a prime number?
False
Is 1903 a composite number?
True
Is 6323 prime?
True
Is 17783 composite?
False
Is 2511637 a composite number?
False
Is 2252966 composite?
True
Is 376097 composite?
False
Is 79297 a prime number?
False
Is 7283 prime?
True
Is 20011 a prime number?
True
Is 44995 prime?
False
Is 4663 composite?
False
Is 117391 a prime number?
False
Is 98633 a prime number?
False
Is 763261 a composite number?
False
Is 71453 a prime number?
True
Is 13391 prime?
False
Is 34049 composite?
True
Is 90205 a prime number?
False
Is 8899 a composite number?
True
Is 62591 composite?
False
Is 228829 prime?
True
Is 1053314 a composite number?
True
Is 1430515 a prime number?
False
Is 4469 a composite number?
True
Is 5227 composite?
False
Is 7828937 a prime number?
True
Is 3271 a composite number?
False
Is 111029 a composite number?
False
Is 402443 composite?
False
Is 267191 prime?
False
Is 33457 composite?
False
Is 410569 a prime number?
False
Is 26833 a prime number?
True
Is 24709 a prime number?
True
Is 65542 a prime number?
False
Is 82799 a prime number?
True
Is 457117 prime?
True
Is 20765 a composite number?
True
Is 144277 a composite number?
True
Is 142189 prime?
True
Is 2108717 composite?
True
Is 8903 prime?
False
Is 346694 a composite number?
True
Is 60953 prime?
True
Is 14137 a composite number?
True
Is 18013 a composite number?
False
Is 3711 composite?
True
Is 21247 composite?
False
Is 128281 composite?
True
Is 1779 a prime number?
False
Is 5674 prime?
False
Is 80083 a prime number?
False
Is 28889 a composite number?
True
Is 668927 composite?
True
Is 2029 a prime number?
True
Is 85111 composite?
True
Is 812171 prime?
False
Is 26135 prime?
False
Is 54643 a composite number?
True
Is 171977 composite?
True
Is 660511 a composite number?
True
Is 55967 composite?
False
Is 863 composite?
False
Is 10771 a composite number?
False
Is 6049 a composite number?
True
Is 585869 prime?
False
Is 18651 a prime number?
False
Is 1738273 a prime number?
True
Is 396001 prime?
True
Is 10453 a composite number?
False
Is 7151 a prime number?
True
Is 1397 a composite number?
True
Is 12307 composite?
True
Is 28837 a prime number?
True
Is 856753 composite?
True
Is 452329 composite?
False
Is 70051 a composite number?
False
Is 128769 prime?
False
Is 166009 a composite number?
True
Is 5903 composite?
False
Is 819023 prime?
False
Is 2237 a composite number?
False
Is 63239 a prime number?
False
Is 35963 a composite number?
False
Is 18817 a prime number?
False
Is 11695 a composite number?
True
Is 78079 composite?
False
Is 79457 composite?
True
Is 1093891 a composite number?
True
Is 15817 a composite number?
False
Is 75085 a prime number?
False
Is 7237 composite?
False
Is 6353 composite?
False
Is 10357 prime?
True
Is 504899 a prime number?
False
Is 1361 composite?
False
Is 10753 prime?
True
Is 11579 a prime number?
True
Is 887 a prime number?
True
Is 39 a prime number?
False
Is 302483 prime?
True
Is 5416949 a prime number?
True
Is 51266 a prime number?
False
Is 39883 a prime number?
True
Is 85381 a prime number?
True
Is 19603 a composite number?
False
Is 53731 a composite number?
False
Is 57458 a composite number?
True
Is 20017 a prime number?
False
Is 189817 a prime number?
True
Is 22054 a composite number?
True
Is 220577 a prime number?
False
Is 3457 prime?
True
Is 67453 prime?
True
Is 95435 composite?
True
Is 17083 composite?
True
Is 88481 a composite number?
True
Is 90929 a prime number?
False
Is 3979 a composite number?
True
Is 7199401 a composite number?
True
Is 20581 a prime number?
False
Is 23417 a prime number?
True
Is 84827 composite?
False
Is 29519 composite?
True
Is 1089757 a composite number?
False
Is 563249 a prime number?
True
Is 108971 a prime number?
True
Is 286711 a prime number?
True
Is 1027511 a composite number?
True
Is 53803 prime?
False
Is 13289 a composite number?
True
Is 81737 a prime number?
True
Is 192513 a composite number?
True
Is 451749 a prime number?
False
Is 58511 a composite number?
False
Is 13361 prime?
False
Is 29905 prime?
False
Is 2719 composite?
False
Is 21673 composite?
False
Is 4963 prime?
False
Is 707527 a composite number?
False
Is 269447 composite?
True
Is 13391 a composite number?
True
Is 1754 composite?
True
Is 1182409 composite?
True
Is 44483 prime?
True
Is 33989 a composite number?
True
Is 5893 a prime number?
False
Is 30947 prime?
False
Is 4139 a prime number?
True
Is 7907 a composite number?
False
Is 682901 composite?
False
Is 1229127 prime?
False
Is 291359 a prime number?
True
Is 17221 composite?
True
Is 501479 a composite number?
True
Is 481769 composite?
False
Is 14369 a composite number?
False
Is 103387 prime?
True
Is 5663 a composite number?
True
Is 23401 prime?
False
Is 25 a prime number?
False
Is 62617 prime?
True
Is 77969 prime?
True
Is 796819 prime?
True
Is 48562 a composite number?
True
Is 14179 composite?
True
Is 36169 a prime number?
False
Is 76319 a prime number?
False
Is 170047 prime?
True
Is 877 a prime number?
True
Is 889 a prime number?
False
Is 197887 a prime number?
True
Is 4679 a prime number?
True
Is 89729 prime?
False
Is 198443 a composite number?
True
Is 189622 composite?
True
Is 144547 a prime number?
False
Is 978569 a prime number?
True
Is 511331 prime?
False
Is 70289 a composite number?
False
Is 2173 a prime number?
False
Is 7151 a prime number?
True
Is 534379 a composite number?
True
Is 43457 prime?
True
Is 264211 a prime number?
True
Is 743711 prime?
True
Is 429251 a composite number?
True
Is 14453 a prime number?
False
Is 63197 composite?
False
Is 329779 composite?
False
Is 149671 a composite number?
True
Is 23227 composite?
False
Is 185021 a prime number?
True
Is 42934 composite?
True
Is 93494 a prime number?
False
Is 3019585 a composite number?
True
Is 235483 a prime number?
True
Is 42899 prime?
True
Is 3463907 prime?
True
Is 80737 prime?
True
Is 265927 a composite number?
True
Is 12509 composite?
True
Is 82 a composite number?
True
Is 5561 composite?
True
Is 119027 prime?
True
Is 597823 a composite number?
False
Is 1040947 prime?
True
Is 10451 prime?
False
Is 2864071 a composite number?
True
Is 107759 prime?
False
Is 31303 a prime number?
False
Is 52727 a prime number?
True
Is 75917 a prime number?
False
Is 13157 a composite number?
True
Is 44053 prime?
True
Is 6731 a prime number?
False
Is 10909 composite?
False
Is 59077 a prime number?
True
Is 24443 prime?
True
Is 377813 a prime number?
False
Is 381167 composite?
False
Is 865 a composite number?
True
Is 8743 prime?
False
Is 6383 prime?
False
Is 67499 a prime number?
True
Is 13069 composite?
True
Is 12251 a prime number?
True
Is 22469 a prime number?
True
Is 805027 a prime number?
True
Is 35933 a prime number?
True
Is 46001 a prime number?
False
Is 30403 a composite number?
False
Is 696047 prime?
False
Is 5303 a composite number?
False
Is 111893 a prime number?
True
Is 67391 prime?
True
Is 91313 a prime number?
False
Is 151337 prime?
True
Is 25649 prime?
False
Is 3091 a prime number?
False
Is 4789 composite?
False
Is 40835 composite?
True
Is 23897 composite?
True
Is 122579 a prime number?
True
Is 3271 composite?
False
Is 435961 composite?
True
Is 298261 a composite number?
False
Is 29473 a prime number?
True
Is 5063233 a composite number?
True
Is 2261887 composite?
False
Is 116089 composite?
False
Is 409727 a prime number?
False
Is 641827 prime?
True
Is 218587 a composite number?
True
Is 9923 prime?
True
Is 4106 composite?
True
Is 53299 composite?
False
Is 125863 prime?
True
Is 4322 a composite number?
True
Is 361159 a prime number?
True
Is 533641 a prime number?
True
Is 15401 composite?
False
Is 38173 prime?
False
Is 15557 composite?
True
Is 403 a prime number?
False
Is 6485 a composite number?
True
Is 131611 a composite number?
False
Is 16165169 a composite number?
False
Is 17167 composite?
False
Is 887 a prime number?
True
Is 2